020
In base 16, what is 1498 - -1b?
14b3
In base 13, what is -32 + 5333?
5301
In base 13, what is -1 + 31b42a?
31b429
In base 16, what is -bd2f - -3a?
-bcf5
In base 5, what is -10 - 303031031?
-303031041
In base 16, what is -4 + 24811?
2480d
In base 9, what is 30736 + -7?
30728
In base 5, what is -13 - -112?
44
In base 4, what is 2 - 2231122?
-2231120
In base 16, what is 24 + -2c5?
-2a1
In base 16, what is 27 - -87?
ae
In base 6, what is -15 - -1101532?
1101513
In base 13, what is b8 - b?
aa
In base 4, what is 20 - -220010?
220030
In base 9, what is 48 + -278?
-230
In base 15, what is 1 + 97ad?
97ae
In base 11, what is -12 - 440?
-452
In base 6, what is 240032 + -11?
240021
In base 10, what is -6587 - 13?
-6600
In base 4, what is -132021 - 11?
-132032
In base 6, what is -4 - 3354103?
-3354111
In base 3, what is 20120000222 - 0?
20120000222
In base 4, what is -212112302 - 2?
-212112310
In base 10, what is 16700 - -3?
16703
In base 3, what is 102211202 + -11212?
102122220
In base 12, what is 22a759 + -4?
22a755
In base 5, what is 21 + -3041031?
-3041010
In base 4, what is -210330210 + 11?
-210330133
In base 6, what is 125252 - 32?
125220
In base 15, what is -2b1c + -123?
-2c40
In base 9, what is 3 - -2351121?
2351124
In base 7, what is 525062 + 1?
525063
In base 10, what is -2329 + 4195?
1866
In base 2, what is 1101101001100 + 101?
1101101010001
In base 4, what is 3 - 21223011?
-21223002
In base 8, what is -4101 + 14?
-4065
In base 7, what is -6 - 4524654?
-4524663
In base 10, what is -1707 - 14?
-1721
In base 12, what is -4a + bb?
71
In base 9, what is 226718 - 5?
226713
In base 11, what is 1580 + -7?
1574
In base 16, what is 8f + -fca?
-f3b
In base 13, what is 14 + -31b9?
-31a5
In base 8, what is -25273 + -1?
-25274
In base 2, what is -10000 + 10100010111010011?
10100010111000011
In base 9, what is -100 - 4610?
-4710
In base 15, what is 10 + -47a?
-46a
In base 4, what is -32 - 10203013?
-10203111
In base 15, what is -51e - 107?
-626
In base 2, what is 11101011 - -100101101111?
101001011010
In base 9, what is 20627 + 7?
20635
In base 7, what is -3 - 553031?
-553034
In base 4, what is -310011 - -111?
-303300
In base 3, what is -1 + 102101020?
102101012
In base 12, what is -481 - 2472?
-2933
In base 7, what is 225 - -101161?
101416
In base 10, what is 251 + -44?
207
In base 4, what is -10221101 - 2?
-10221103
In base 13, what is 6 - -282?
288
In base 7, what is 1 + -302111?
-302110
In base 7, what is -14 + -125366?
-125413
In base 14, what is -8b + 4da?
44d
In base 13, what is -111725 - 5?
-11172a
In base 14, what is -242aa - -2?
-242a8
In base 7, what is 2 - 353260?
-353255
In base 10, what is 54 + 1394?
1448
In base 9, what is 2628 - -423?
3152
In base 2, what is 11011 - -1100000000111?
1100000100010
In base 2, what is 1111101 - -100000110?
110000011
In base 13, what is 443 + -1c1?
252
In base 5, what is -343241 + 4?
-343232
In base 2, what is 1010100111 - -10110010000?
100000110111
In base 2, what is -101 - 110101011111111101?
-110101100000000010
In base 3, what is -12 - -122021120012?
122021120000
In base 5, what is 14 + -32402?
-32333
In base 12, what is -bb + 123?
24
In base 15, what is -388 - c0?
-458
In base 3, what is 21 - 202211?
-202120
In base 11, what is -a5 - 1aa?
-2a4
In base 6, what is 2230054 + -5?
2230045
In base 5, what is -2042 - -22?
-2020
In base 14, what is 3 - -1c14a?
1c14d
In base 4, what is 111311 + 10?
111321
In base 8, what is -44172 + -65?
-44257
In base 10, what is 1546035 - 4?
1546031
In base 3, what is 2 + -102011120?
-102011111
In base 2, what is 10 - -11001101?
11001111
In base 16, what is 5 - 9d7?
-9d2
In base 12, what is 5908a + -2?
59088
In base 7, what is -111052 - 4?
-111056
In base 14, what is -3 - -118445?
118442
In base 2, what is -10000101011101 - 100001?
-10000101111110
In base 6, what is -104 - 1521?
-2025
In base 6, what is 421 - 203?
214
In base 8, what is -643 - -36?
-605
In base 14, what is 7c + b0c?
b8a
In base 8, what is 1 + -10723?
-10722
In base 16, what is -22e1 - -6?
-22db
In base 5, what is -31 - 234203?
-234234
In base 10, what is -402 + -337?
-739
In base 14, what is -2727 - 5?
-272c
In base 12, what is 4 + 39769?
39771
In base 16, what is 950 + 1d0?
b20
In base 3, what is 1001100 - -11?
1001111
In base 6, what is 32550455 + -3?
32550452
In base 13, what is -27 + 7a96?
7a6c
In base 15, what is 3 + b506?
b509
In base 14, what is -54d8 - 26?
-5520
In base 16, what is -490bc9 - -1?
-490bc8
In base 14, what is 78a + -22?
768
In base 5, what is 1021043214 - -3?
1021043222
In base 8, what is 165137 + 62?
165221
In base 3, what is 22 + 22110212?
22111011
In base 5, what is 331 - -4132?
10013
In base 12, what is 98190 + 4?
98194
In base 6, what is 11 - -100003?
100014
In base 4, what is 233311313 - 3?
233311310
In base 12, what is 252022 + 7?
252029
In base 7, what is 23001 + 243?
23244
In base 3, what is -22 + -110002212?
-110010011
In base 3, what is -12022 - -1001002?
211210
In base 8, what is 575 - -1?
576
In base 14, what is 5 + -9cc6a?
-9cc65
In base 9, what is 6 - -748662?
748668
In base 14, what is -36377 + 8?
-3636d
In base 5, what is -33420211 - 2?
-33420213
In base 9, what is 0 + 366758?
366758
In base 14, what is -d166 - -5?
-d161
In base 2, what is -10001110 + 10111110?
110000
In base 15, what is 1 - -d63?
d64
In base 8, what is 666315 - 5?
666310
In base 16, what is 117111 + 1?
117112
In base 5, what is 20011 + -414?
14042
In base 4, what is -1100332 - -21?
-1100311
In base 13, what is 178753 + -1?
178752
In base 10, what is 3 - 43216?
-43213
In base 5, what is 20 - 220042?
-220022
In base 15, what is -1 - -5e47?
5e46
In base 3, what is 20121111120 - 200?
20121110220
In base 15, what is 3 + cde8?
cdeb
In base 12, what is -38 + -8?
-44
In base 12, what is -53972 - -5?
-53969
In base 15, what is -b82 + -73?
-c05
In base 10, what is -66 - -11513?
11447
In base 3, what is 10 + -2021121101?
-2021121021
In base 15, what is bbe + 6?
bc5
In base 13, what is -68 + 141?
a6
In base 13, what is cb536 - 5?
cb531
In base 14, what is -b + 50b?
500
In base 15, what is -15d - -30a7?
2e49
In base 3, what is 22 - 12100212?
-12100120
In base 15, what is -6 + 415?
40e
In base 15, what is 5 + -1e837?
-1e832
In base 8, what is -6307 - 1003?
-7312
In base 9, what is -65 - 56?
-132
In base 10, what is -5 - -39938?
39933
In base 16, what is -2 - -581e?
581c
In base 2, what is -110110000000010 + -1000?
-110110000001010
In base 16, what is -462 - 5b?
-4bd
In base 4, what is -21030 - 132?
-21222
In base 5, what is -413 - 3314?
-4232
In base 12, what is 1682 - 1bb?
1483
In base 14, what is -77c49 - -4?
-77c45
In base 3, what is 2102100 + -1100011?
1002012
In base 10, what is 41017 - -23?
41040
In base 4, what is 11 - -2203122310?
2203122321
In base 12, what is 577 + 57?
612
In base 7, what is 2405553 - -5?
2405561
In base 3, what is 102020212 - 2222?
102010220
In base 7, what is -244 - 6362?
-6636
In base 4, what is 2003 + 1132?
3201
In base 5, what is 4 + -121304424?
-121304420
In base 8, what is 2 + -1560234?
-1560232
In base 16, what is -5 + -14e75?
-14e7a
In base 10, what is -7416 - 116?
-7532
In base 6, what is -1511 - -2304?
353
In base 5, what is -12431 - 3333?
-21314
In base 7, what is 2130 - 106?
2021
In base 6, what is -5001020 - -4?
-5001012
In base 2, what is 110111000 - 10011?
110100101
In base 6, what is -1 - 2002254?
-2002255
In base 3, what is -102 - 2101121?
-2102000
In base 9, what is -135 - 6213?
-6348
In base 14, what is -2a + 11a5?
1179
In base 11, what is 103a2 + 4?
103a6
In base 11, what is -1 + 2395?
2394
In base 13, what is -12195 - 0?
-12195
In base 10, what is -6104 - -11?
-6093
In base 10, what is -22 - 3045?
-3067
In base 15, what is -79a45 + -5?
-79a4a
In base 12, what is 4 - 2737a?
-27376
In base 2, what is 10 - 100101000010?
-100101000000
In base 10, what is -437 - -161?
-276
In base 3, what is 10202 - 100121?
-12212
In base 6, what is 0 + -205105?
-205105
In base 3, what is -2 + 100102102102?
100102102100
In base 4, what is 2112 + 1131?
3303
In base 4, what is -3 + -12103010?
-12103013
In base 4, what is -13110 - 12001?
-31111
In base 4, what is -3 + -2301221?
-2301230
In base 16, what is -22 + -276b?
-278d
In base 8, what is 2543 + -52?
2471
In base 8, what is -5 - -10035?
1